tors of 1503997?
11, 136727
What are the prime factors of 183920?
2, 5, 11, 19
What are the prime factors of 16264768?
2, 13, 113, 173
What are the prime factors of 6335503?
233, 27191
What are the prime factors of 2490942?
2, 3, 17, 24421
List the prime factors of 43546.
2, 21773
List the prime factors of 1346863.
7, 27487
List the prime factors of 4265235.
3, 5, 13, 23, 317
List the prime factors of 21078.
2, 3, 1171
What are the prime factors of 8351082?
2, 3, 463949
List the prime factors of 634501.
7, 23, 563
What are the prime factors of 321577?
321577
List the prime factors of 21446836.
2, 5361709
What are the prime factors of 267018?
2, 3, 191, 233
What are the prime factors of 1526443?
859, 1777
List the prime factors of 6182136.
2, 3, 28621
What are the prime factors of 703667?
101, 6967
What are the prime factors of 2073213?
3, 230357
List the prime factors of 6235959.
3, 191, 10883
List the prime factors of 392960.
2, 5, 307
List the prime factors of 495122.
2, 281, 881
What are the prime factors of 1951437?
3, 650479
List the prime factors of 7016862.
2, 3, 1169477
What are the prime factors of 185787?
3, 7, 983
List the prime factors of 11824805.
5, 617, 3833
List the prime factors of 216589.
59, 3671
What are the prime factors of 839459?
839459
What are the prime factors of 1060644?
2, 3, 13, 523
List the prime factors of 9119361.
3, 17, 163, 1097
What are the prime factors of 405552?
2, 3, 7, 17, 71
What are the prime factors of 244846?
2, 7, 17489
List the prime factors of 391999.
391999
List the prime factors of 7781451.
3, 59, 43963
List the prime factors of 12353960.
2, 5, 308849
What are the prime factors of 1622554?
2, 811277
What are the prime factors of 10528041?
3, 3509347
List the prime factors of 49169.
49169
What are the prime factors of 148849?
47, 3167
List the prime factors of 30798969.
3, 359, 28597
List the prime factors of 19064.
2, 2383
What are the prime factors of 262887?
3, 87629
List the prime factors of 2603827.
359, 7253
What are the prime factors of 1570281?
3, 523427
List the prime factors of 121885.
5, 19, 1283
What are the prime factors of 20250860?
2, 5, 7, 79, 1831
What are the prime factors of 4710447?
3, 7, 24923
What are the prime factors of 1987260?
2, 3, 5, 11, 3011
List the prime factors of 88199.
89, 991
List the prime factors of 153968.
2, 9623
List the prime factors of 367461.
3, 40829
What are the prime factors of 2346253?
7, 13, 19, 23, 59
What are the prime factors of 259885?
5, 51977
What are the prime factors of 1676884?
2, 11, 23, 1657
List the prime factors of 517032.
2, 3, 43, 167
What are the prime factors of 194842?
2, 37, 2633
What are the prime factors of 259528?
2, 32441
List the prime factors of 2759216.
2, 331, 521
List the prime factors of 11949138.
2, 3, 19, 34939
What are the prime factors of 87971?
13, 67, 101
What are the prime factors of 7449013?
11, 13, 4007
What are the prime factors of 6345294?
2, 3, 173, 6113
What are the prime factors of 491064?
2, 3, 7, 37, 79
What are the prime factors of 1452423?
3, 7, 69163
List the prime factors of 19907286.
2, 3, 7, 157, 3019
What are the prime factors of 284698?
2, 283, 503
What are the prime factors of 2151359?
7, 307337
What are the prime factors of 10283806?
2, 13, 23, 29, 593
What are the prime factors of 42605?
5, 8521
List the prime factors of 611483.
611483
List the prime factors of 496002.
2, 3, 13, 6359
What are the prime factors of 29018605?
5, 7, 11, 19, 3967
What are the prime factors of 24805879?
7, 67, 227, 233
List the prime factors of 216161.
11, 43, 457
List the prime factors of 681643.
353, 1931
List the prime factors of 11766279.
3, 7, 560299
List the prime factors of 351086.
2, 175543
List the prime factors of 11780078.
2, 379, 15541
List the prime factors of 18883197.
3, 2098133
List the prime factors of 4678817.
11, 13, 32719
What are the prime factors of 1807777?
23, 53, 1483
List the prime factors of 4899577.
37, 132421
List the prime factors of 10702457.
73, 146609
List the prime factors of 302783.
13, 23291
What are the prime factors of 171502?
2, 85751
List the prime factors of 456055.
5, 197, 463
What are the prime factors of 21310?
2, 5, 2131
What are the prime factors of 389144?
2, 7, 6949
List the prime factors of 839135.
5, 11, 19, 73
What are the prime factors of 1795545?
3, 5, 39901
What are the prime factors of 368128?
2, 719
List the prime factors of 5334746.
2, 389, 6857
What are the prime factors of 686806?
2, 337, 1019
What are the prime factors of 313058?
2, 157, 997
What are the prime factors of 918324?
2, 3, 11, 773
What are the prime factors of 1259037?
3, 13, 17, 211
What are the prime factors of 219524?
2, 54881
List the prime factors of 3869297.
3869297
What are the prime factors of 1080209?
13, 83093
List the prime factors of 1072027.
11, 41, 2377
List the prime factors of 5349719.
37, 191, 757
What are the prime factors of 10527661?
311, 33851
List the prime factors of 13384451.
13384451
What are the prime factors of 1982863?
17, 116639
What are the prime factors of 364159?
23, 71, 223
What are the prime factors of 327219?
3, 109073
List the prime factors of 441033.
3, 147011
What are the prime factors of 8978880?
2, 3, 5, 47, 199
What are the prime factors of 260704?
2, 8147
What are the prime factors of 989487?
3, 109943
List the prime factors of 97800.
2, 3, 5, 163
List the prime factors of 893014.
2, 151, 2957
What are the prime factors of 38553?
3, 71, 181
What are the prime factors of 4091714?
2, 11, 185987
List the prime factors of 517886.
2, 31, 8353
What are the prime factors of 3088368?
2, 3, 2383
List the prime factors of 21081991.
7, 47, 139, 461
List the prime factors of 188288.
2, 1471
What are the prime factors of 12673255?
5, 7, 362093
List the prime factors of 2213839.
2213839
What are the prime factors of 679454?
2, 339727
What are the prime factors of 1635348?
2, 3, 11, 13, 953
What are the prime factors of 14526621?
3, 19, 9439
List the prime factors of 373896.
2, 3, 577
List the prime factors of 3842969.
13, 17, 17389
What are the prime factors of 127578?
2, 3, 11, 1933
What are the prime factors of 421688?
2, 52711
List the prime factors of 425953.
11, 38723
List the prime factors of 1289445.
3, 5, 31, 47, 59
List the prime factors of 3339788.
2, 834947
What are the prime factors of 27254545?
5, 41, 132949
List the prime factors of 2165453.
2165453
What are the prime factors of 18035897?
11, 149057
List the prime factors of 2902457.
43, 67499
What are the prime factors of 399257?
23, 17359
What are the prime factors of 160572?
2, 3, 13381
What are the prime factors of 1721415?
3, 5, 114761
What are the prime factors of 776515?
5, 155303
What are the prime factors of 347665?
5, 31, 2243
List the prime factors of 1892728.
2, 103, 2297
List the prime factors of 1805553.
3, 17, 11801
List the prime factors of 3021022.
2, 1510511
What are the prime factors of 9487720?
2, 5, 11, 21563
List the prime factors of 53674.
2, 47, 571
List the prime factors of 1673988.
2, 3, 199, 701
What are the prime factors of 581597?
581597
What are the prime factors of 11427532?
2, 2856883
What are the prime factors of 15485775?
3, 5, 206477
What are the prime factors of 6179840?
2, 5, 17, 71
What are the prime factors of 551157?
3, 17, 101, 107
List the prime factors of 3144755.
5, 53, 11867
List the prime factors of 853746.
2, 3, 19, 7489
What are the prime factors of 4734087?
3, 1578029
What are the prime factors of 2953755?
3, 5, 7, 9377
List the prime factors of 182749.
7, 26107
List the prime factors of 21633636.
2, 3, 1802803
What are the prime factors of 801630?
2, 3, 5, 2969
List the prime factors of 1849836.
2, 3, 154153
What are the prime factors of 8053896?
2, 3, 335579
What are the prime factors of 19671829?
61, 197, 1637
What are the prime factors of 5226131?
839, 6229
What are the prime factors of 1423834?
2, 37, 71, 271
What are the prime factors of 294021?
3, 7, 13, 359
List the prime factors of 417847.
281, 1487
List the prime factors of 3165052.
2, 11, 71933
What are the prime factors of 29793?
3, 9931
List the prime factors of 2263774.
2, 19, 41, 1453
List the prime factors of 34982026.
2, 17491013
List the prime factors of 509617.
29, 17573
List the pri